{"id":1927,"date":"2011-10-20T16:52:09","date_gmt":"2011-10-20T15:52:09","guid":{"rendered":"http:\/\/www.mj-fans.at\/?page_id=1927"},"modified":"2016-11-12T16:58:02","modified_gmt":"2016-11-12T15:58:02","slug":"news","status":"publish","type":"page","link":"https:\/\/www.mj-fans.at\/?page_id=1927","title":{"rendered":"Mitgliedschaft"},"content":{"rendered":"<p style=\"text-align: justify;\">Der Fanclub bietet zwei Arten der Mitgliedschaft, welche beide kostenlos sind. Die Teilnahme an unseren Fantreffen ist auch ohne Abschluss einer Mitgliedschaft m\u00f6glich.<\/p>\n<p style=\"text-align: justify;\">&nbsp;<\/p>\n<p style=\"text-align: justify;\"><strong>News-Mitgliedschaft:<\/strong> Als News-Mitglied benachrichtigen wir dich regelm\u00e4\u00dfig \u00fcber neue Ver\u00f6ffentlichungen und B\u00fchnenshows, interessante Fanartikel und sonstige Neuigkeiten rund um Michael Jackson. Weiters informieren wir dich \u00fcber unsere Fantreffen und Charity-Projekte. Du gibst deine Email-Adresse bekannt und verpflichtest dich, alles zu unterlassen, wodurch das Ansehen und der Zweck des Fanclubs Abbruch erleiden k\u00f6nnten. Deine Email-Adresse wird vertraulich behandelt und du kannst jederzeit ohne Angabe von Gr\u00fcnden deinen Austritt aus dem Fanclub erkl\u00e4ren.<\/p>\n<p style=\"text-align: justify;\">&nbsp;<\/p>\n<p style=\"text-align: justify;\"><strong>Team-Mitgliedschaft:<\/strong> Als Team-Mitglied kannst du in Absprache mit der Fanclubleitung eine konkrete Aufgabe zur Erf\u00fcllung des Zwecks des Fanclubs \u00fcbernehmen und dich dabei aktiv an der Arbeit f\u00fcr den Fanclub beteiligen. Du gibst umfassende Kontaktdaten bekannt und verpflichtest dich zu ehrenamtlicher, selbstst\u00e4ndiger und zuverl\u00e4ssiger Mitarbeit. Deine Daten werden vertraulich behandelt und du kannst jederzeit ohne Angabe von Gr\u00fcnden deinen Austritt aus dem Fanclub erkl\u00e4ren.<\/p>\n","protected":false},"excerpt":{"rendered":"<p>Der Fanclub bietet zwei Arten der Mitgliedschaft, welche beide kostenlos sind. Die Teilnahme an unseren Fantreffen ist auch ohne Abschluss einer Mitgliedschaft m\u00f6glich. &nbsp; News-Mitgliedschaft: Als News-Mitglied benachrichtigen wir dich regelm\u00e4\u00dfig \u00fcber neue Ver\u00f6ffentlichungen und B\u00fchnenshows, interessante Fanartikel und sonstige Neuigkeiten rund um Michael Jackson. Weiters informieren wir dich \u00fcber unsere Fantreffen und Charity-Projekte. Du [&hellip;]<\/p>\n","protected":false},"author":1,"featured_media":4979,"parent":0,"menu_order":0,"comment_status":"closed","ping_status":"open","template":"","meta":{"ngg_post_thumbnail":0,"footnotes":""},"class_list":["post-1927","page","type-page","status-publish","has-post-thumbnail","hentry"],"_links":{"self":[{"href":"https:\/\/www.mj-fans.at\/index.php?rest_route=\/wp\/v2\/pages\/1927","targetHints":{"allow":["GET"]}}],"collection":[{"href":"https:\/\/www.mj-fans.at\/index.php?rest_route=\/wp\/v2\/pages"}],"about":[{"href":"https:\/\/www.mj-fans.at\/index.php?rest_route=\/wp\/v2\/types\/page"}],"author":[{"embeddable":true,"href":"https:\/\/www.mj-fans.at\/index.php?rest_route=\/wp\/v2\/users\/1"}],"replies":[{"embeddable":true,"href":"https:\/\/www.mj-fans.at\/index.php?rest_route=%2Fwp%2Fv2%2Fcomments&post=1927"}],"version-history":[{"count":85,"href":"https:\/\/www.mj-fans.at\/index.php?rest_route=\/wp\/v2\/pages\/1927\/revisions"}],"predecessor-version":[{"id":5059,"href":"https:\/\/www.mj-fans.at\/index.php?rest_route=\/wp\/v2\/pages\/1927\/revisions\/5059"}],"wp:featuredmedia":[{"embeddable":true,"href":"https:\/\/www.mj-fans.at\/index.php?rest_route=\/wp\/v2\/media\/4979"}],"wp:attachment":[{"href":"https:\/\/www.mj-fans.at\/index.php?rest_route=%2Fwp%2Fv2%2Fmedia&parent=1927"}],"curies":[{"name":"wp","href":"https:\/\/api.w.org\/{rel}","templated":true}]}}