{"id":241,"date":"2010-11-22T12:59:18","date_gmt":"2010-11-22T11:59:18","guid":{"rendered":"http:\/\/www.mj-fans.at\/?page_id=241"},"modified":"2016-11-13T10:16:59","modified_gmt":"2016-11-13T09:16:59","slug":"memorial-treffen-28-juni-2009","status":"publish","type":"page","link":"https:\/\/www.mj-fans.at\/?page_id=241","title":{"rendered":"Gedenktreffen 2009"},"content":{"rendered":"<p><strong>DATUM<\/strong><br \/>\nSonntag, 28. Juni 2009<\/p>\n<p>&nbsp;<\/p>\n<p><strong>LOCATION<\/strong><br \/>\nStephansplatz, 1010 Wien, \u00d6sterreich<\/p>\n<p>&nbsp;<\/p>\n<p><strong>BERICHT IN DER KRONENZEITUNG &#8211; ZUM VERGR\u00d6SSERN ANKLICKEN!<\/strong><br \/>\nngg_shortcode_0_placeholder<\/p>\n<p>&nbsp;<\/p>\n<p><strong>13 FOTOS &#8211; ZUM VERGR\u00d6SSERN ANKLICKEN!<\/strong><br \/>\nngg_shortcode_1_placeholder<\/p>\n","protected":false},"excerpt":{"rendered":"<p>DATUM Sonntag, 28. Juni 2009 &nbsp; LOCATION Stephansplatz, 1010 Wien, \u00d6sterreich &nbsp; BERICHT IN DER KRONENZEITUNG &#8211; ZUM VERGR\u00d6SSERN ANKLICKEN! &nbsp; 13 FOTOS &#8211; ZUM VERGR\u00d6SSERN ANKLICKEN!<\/p>\n","protected":false},"author":1,"featured_media":0,"parent":18,"menu_order":0,"comment_status":"closed","ping_status":"open","template":"","meta":{"ngg_post_thumbnail":0,"footnotes":""},"class_list":["post-241","page","type-page","status-publish","hentry"],"_links":{"self":[{"href":"https:\/\/www.mj-fans.at\/index.php?rest_route=\/wp\/v2\/pages\/241","targetHints":{"allow":["GET"]}}],"collection":[{"href":"https:\/\/www.mj-fans.at\/index.php?rest_route=\/wp\/v2\/pages"}],"about":[{"href":"https:\/\/www.mj-fans.at\/index.php?rest_route=\/wp\/v2\/types\/page"}],"author":[{"embeddable":true,"href":"https:\/\/www.mj-fans.at\/index.php?rest_route=\/wp\/v2\/users\/1"}],"replies":[{"embeddable":true,"href":"https:\/\/www.mj-fans.at\/index.php?rest_route=%2Fwp%2Fv2%2Fcomments&post=241"}],"version-history":[{"count":48,"href":"https:\/\/www.mj-fans.at\/index.php?rest_route=\/wp\/v2\/pages\/241\/revisions"}],"predecessor-version":[{"id":5013,"href":"https:\/\/www.mj-fans.at\/index.php?rest_route=\/wp\/v2\/pages\/241\/revisions\/5013"}],"up":[{"embeddable":true,"href":"https:\/\/www.mj-fans.at\/index.php?rest_route=\/wp\/v2\/pages\/18"}],"wp:attachment":[{"href":"https:\/\/www.mj-fans.at\/index.php?rest_route=%2Fwp%2Fv2%2Fmedia&parent=241"}],"curies":[{"name":"wp","href":"https:\/\/api.w.org\/{rel}","templated":true}]}}