{"id":2504,"date":"2012-08-17T17:24:45","date_gmt":"2012-08-17T16:24:45","guid":{"rendered":"http:\/\/www.mj-fans.at\/?page_id=2504"},"modified":"2016-11-13T10:17:33","modified_gmt":"2016-11-13T09:17:33","slug":"gedenktreffen-22-juni-2012","status":"publish","type":"page","link":"https:\/\/www.mj-fans.at\/?page_id=2504","title":{"rendered":"Gedenktreffen 2012"},"content":{"rendered":"<p><strong>DATUM<\/strong><br \/>\nFreitag, 22. Juni 2012<\/p>\n<p>&nbsp;<\/p>\n<p><strong>LOCATION<\/strong><br \/>\nPfarrkirche St. Nikolaus, Draschestra\u00dfe 105, 1230 Wien, \u00d6sterreich<br \/>\nCafe Do Re\u00e9, Richard Strauss Stra\u00dfe 6, 1230 Wien, \u00d6sterreich<\/p>\n<p>&nbsp;<\/p>\n<p><strong>18 FOTOS &#8211; ZUM VERGR\u00d6SSERN ANKLICKEN!<\/strong><br \/>\nngg_shortcode_0_placeholder<\/p>\n","protected":false},"excerpt":{"rendered":"<p>DATUM Freitag, 22. Juni 2012 &nbsp; LOCATION Pfarrkirche St. Nikolaus, Draschestra\u00dfe 105, 1230 Wien, \u00d6sterreich Cafe Do Re\u00e9, Richard Strauss Stra\u00dfe 6, 1230 Wien, \u00d6sterreich &nbsp; 18 FOTOS &#8211; ZUM VERGR\u00d6SSERN ANKLICKEN!<\/p>\n","protected":false},"author":1,"featured_media":0,"parent":18,"menu_order":0,"comment_status":"closed","ping_status":"open","template":"","meta":{"ngg_post_thumbnail":0,"footnotes":""},"class_list":["post-2504","page","type-page","status-publish","hentry"],"_links":{"self":[{"href":"https:\/\/www.mj-fans.at\/index.php?rest_route=\/wp\/v2\/pages\/2504","targetHints":{"allow":["GET"]}}],"collection":[{"href":"https:\/\/www.mj-fans.at\/index.php?rest_route=\/wp\/v2\/pages"}],"about":[{"href":"https:\/\/www.mj-fans.at\/index.php?rest_route=\/wp\/v2\/types\/page"}],"author":[{"embeddable":true,"href":"https:\/\/www.mj-fans.at\/index.php?rest_route=\/wp\/v2\/users\/1"}],"replies":[{"embeddable":true,"href":"https:\/\/www.mj-fans.at\/index.php?rest_route=%2Fwp%2Fv2%2Fcomments&post=2504"}],"version-history":[{"count":9,"href":"https:\/\/www.mj-fans.at\/index.php?rest_route=\/wp\/v2\/pages\/2504\/revisions"}],"predecessor-version":[{"id":5033,"href":"https:\/\/www.mj-fans.at\/index.php?rest_route=\/wp\/v2\/pages\/2504\/revisions\/5033"}],"up":[{"embeddable":true,"href":"https:\/\/www.mj-fans.at\/index.php?rest_route=\/wp\/v2\/pages\/18"}],"wp:attachment":[{"href":"https:\/\/www.mj-fans.at\/index.php?rest_route=%2Fwp%2Fv2%2Fmedia&parent=2504"}],"curies":[{"name":"wp","href":"https:\/\/api.w.org\/{rel}","templated":true}]}}

<p><strong>DATUM</strong><br />
Freitag, 22. Juni 2012</p>
<p>&nbsp;</p>
<p><strong>LOCATION</strong><br />
Pfarrkirche St. Nikolaus, Draschestraße 105, 1230 Wien, Österreich<br />
Cafe Do Reé, Richard Strauss Straße 6, 1230 Wien, Österreich</p>
<p>&nbsp;</p>
<p><strong>18 FOTOS &#8211; ZUM VERGRÖSSERN ANKLICKEN!</strong><br />
ngg_shortcode_0_placeholder</p>

<p>DATUM Freitag, 22. Juni 2012 &nbsp; LOCATION Pfarrkirche St. Nikolaus, Draschestraße 105, 1230 Wien, Österreich Cafe Do Reé, Richard Strauss Straße 6, 1230 Wien, Österreich &nbsp; 18 FOTOS &#8211; ZUM VERGRÖSSERN ANKLICKEN!</p>
