{"id":2519,"date":"2012-08-20T20:48:28","date_gmt":"2012-08-20T19:48:28","guid":{"rendered":"http:\/\/www.mj-fans.at\/?page_id=2519"},"modified":"2016-11-13T10:15:40","modified_gmt":"2016-11-13T09:15:40","slug":"flashmob-in-der-shopping-city-sud-18-august-2012","status":"publish","type":"page","link":"https:\/\/www.mj-fans.at\/?page_id=2519","title":{"rendered":"Flashmob in der Shopping City S\u00fcd"},"content":{"rendered":"<p><strong>DATUM<\/strong><br \/>\nSamstag, 18. August 2012<\/p>\n<p>&nbsp;<\/p>\n<p><strong>LOCATION<\/strong><br \/>\nBellevue Platz, Shopping City S\u00fcd, 2331 V\u00f6sendorf, \u00d6sterreich<br \/>\nPizzeria Fontana, Ortsstra\u00dfe 71, 2331 V\u00f6sendorf, \u00d6sterreich<\/p>\n<p>&nbsp;<\/p>\n<p><strong>21 FOTOS &#8211; ZUM VERGR\u00d6SSERN ANKLICKEN!<\/strong><br \/>\nngg_shortcode_0_placeholder<\/p>\n","protected":false},"excerpt":{"rendered":"<p>DATUM Samstag, 18. August 2012 &nbsp; LOCATION Bellevue Platz, Shopping City S\u00fcd, 2331 V\u00f6sendorf, \u00d6sterreich Pizzeria Fontana, Ortsstra\u00dfe 71, 2331 V\u00f6sendorf, \u00d6sterreich &nbsp; 21 FOTOS &#8211; ZUM VERGR\u00d6SSERN ANKLICKEN!<\/p>\n","protected":false},"author":1,"featured_media":0,"parent":18,"menu_order":0,"comment_status":"closed","ping_status":"open","template":"","meta":{"ngg_post_thumbnail":0,"footnotes":""},"class_list":["post-2519","page","type-page","status-publish","hentry"],"_links":{"self":[{"href":"https:\/\/www.mj-fans.at\/index.php?rest_route=\/wp\/v2\/pages\/2519","targetHints":{"allow":["GET"]}}],"collection":[{"href":"https:\/\/www.mj-fans.at\/index.php?rest_route=\/wp\/v2\/pages"}],"about":[{"href":"https:\/\/www.mj-fans.at\/index.php?rest_route=\/wp\/v2\/types\/page"}],"author":[{"embeddable":true,"href":"https:\/\/www.mj-fans.at\/index.php?rest_route=\/wp\/v2\/users\/1"}],"replies":[{"embeddable":true,"href":"https:\/\/www.mj-fans.at\/index.php?rest_route=%2Fwp%2Fv2%2Fcomments&post=2519"}],"version-history":[{"count":11,"href":"https:\/\/www.mj-fans.at\/index.php?rest_route=\/wp\/v2\/pages\/2519\/revisions"}],"predecessor-version":[{"id":5034,"href":"https:\/\/www.mj-fans.at\/index.php?rest_route=\/wp\/v2\/pages\/2519\/revisions\/5034"}],"up":[{"embeddable":true,"href":"https:\/\/www.mj-fans.at\/index.php?rest_route=\/wp\/v2\/pages\/18"}],"wp:attachment":[{"href":"https:\/\/www.mj-fans.at\/index.php?rest_route=%2Fwp%2Fv2%2Fmedia&parent=2519"}],"curies":[{"name":"wp","href":"https:\/\/api.w.org\/{rel}","templated":true}]}}