{"id":2534,"date":"2012-09-01T12:13:09","date_gmt":"2012-09-01T11:13:09","guid":{"rendered":"http:\/\/www.mj-fans.at\/?page_id=2534"},"modified":"2016-11-13T10:24:08","modified_gmt":"2016-11-13T09:24:08","slug":"spendenubergabe-denkmal-mistelbach-31-august-2012","status":"publish","type":"page","link":"https:\/\/www.mj-fans.at\/?page_id=2534","title":{"rendered":"Spende f\u00fcr das MJ Denkmal in Mistelbach"},"content":{"rendered":"<p><strong>DATUM<\/strong><br \/>\nFreitag, 31. August 2012<\/p>\n<p>&nbsp;<\/p>\n<p><strong>LOCATION<\/strong><br \/>\nMichael Jackson Denkmal, Josef Dunkl-Stra\u00dfe 19, 2130 Mistelbach, \u00d6sterreich<\/p>\n<p>&nbsp;<\/p>\n<p><strong>18 FOTOS &#8211; ZUM VERGR\u00d6SSERN ANKLICKEN!<\/strong><br \/>\nngg_shortcode_0_placeholder<\/p>\n","protected":false},"excerpt":{"rendered":"<p>DATUM Freitag, 31. August 2012 &nbsp; LOCATION Michael Jackson Denkmal, Josef Dunkl-Stra\u00dfe 19, 2130 Mistelbach, \u00d6sterreich &nbsp; 18 FOTOS &#8211; ZUM VERGR\u00d6SSERN ANKLICKEN!<\/p>\n","protected":false},"author":1,"featured_media":0,"parent":18,"menu_order":0,"comment_status":"closed","ping_status":"open","template":"","meta":{"ngg_post_thumbnail":0,"footnotes":""},"class_list":["post-2534","page","type-page","status-publish","hentry"],"_links":{"self":[{"href":"https:\/\/www.mj-fans.at\/index.php?rest_route=\/wp\/v2\/pages\/2534","targetHints":{"allow":["GET"]}}],"collection":[{"href":"https:\/\/www.mj-fans.at\/index.php?rest_route=\/wp\/v2\/pages"}],"about":[{"href":"https:\/\/www.mj-fans.at\/index.php?rest_route=\/wp\/v2\/types\/page"}],"author":[{"embeddable":true,"href":"https:\/\/www.mj-fans.at\/index.php?rest_route=\/wp\/v2\/users\/1"}],"replies":[{"embeddable":true,"href":"https:\/\/www.mj-fans.at\/index.php?rest_route=%2Fwp%2Fv2%2Fcomments&post=2534"}],"version-history":[{"count":25,"href":"https:\/\/www.mj-fans.at\/index.php?rest_route=\/wp\/v2\/pages\/2534\/revisions"}],"predecessor-version":[{"id":5037,"href":"https:\/\/www.mj-fans.at\/index.php?rest_route=\/wp\/v2\/pages\/2534\/revisions\/5037"}],"up":[{"embeddable":true,"href":"https:\/\/www.mj-fans.at\/index.php?rest_route=\/wp\/v2\/pages\/18"}],"wp:attachment":[{"href":"https:\/\/www.mj-fans.at\/index.php?rest_route=%2Fwp%2Fv2%2Fmedia&parent=2534"}],"curies":[{"name":"wp","href":"https:\/\/api.w.org\/{rel}","templated":true}]}}