{"id":2752,"date":"2013-05-12T11:47:13","date_gmt":"2013-05-12T10:47:13","guid":{"rendered":"http:\/\/www.mj-fans.at\/?page_id=2752"},"modified":"2016-11-13T10:31:49","modified_gmt":"2016-11-13T09:31:49","slug":"teilnahme-denkmalenthullung-mistelbach-11-mai-2013","status":"publish","type":"page","link":"https:\/\/www.mj-fans.at\/?page_id=2752","title":{"rendered":"Teilnahme an der Enth\u00fcllung des MJ Denkmals in Mistelbach"},"content":{"rendered":"<p><strong>DATUM<\/strong><br \/>\nSamstag, 11. Mai 2013<\/p>\n<p>&nbsp;<\/p>\n<p><strong>LOCATION<\/strong><br \/>\nMichael Jackson Denkmal, Josef Dunkl-Stra\u00dfe 19, 2130 Mistelbach, \u00d6sterreich<\/p>\n<p>&nbsp;<\/p>\n<p><strong>11 FOTOS &#8211; ZUM VERGR\u00d6SSERN ANKLICKEN!<\/strong><br \/>\nngg_shortcode_0_placeholder<\/p>\n","protected":false},"excerpt":{"rendered":"<p>DATUM Samstag, 11. Mai 2013 &nbsp; LOCATION Michael Jackson Denkmal, Josef Dunkl-Stra\u00dfe 19, 2130 Mistelbach, \u00d6sterreich &nbsp; 11 FOTOS &#8211; ZUM VERGR\u00d6SSERN ANKLICKEN!<\/p>\n","protected":false},"author":1,"featured_media":0,"parent":18,"menu_order":0,"comment_status":"closed","ping_status":"open","template":"","meta":{"ngg_post_thumbnail":0,"footnotes":""},"class_list":["post-2752","page","type-page","status-publish","hentry"],"_links":{"self":[{"href":"https:\/\/www.mj-fans.at\/index.php?rest_route=\/wp\/v2\/pages\/2752","targetHints":{"allow":["GET"]}}],"collection":[{"href":"https:\/\/www.mj-fans.at\/index.php?rest_route=\/wp\/v2\/pages"}],"about":[{"href":"https:\/\/www.mj-fans.at\/index.php?rest_route=\/wp\/v2\/types\/page"}],"author":[{"embeddable":true,"href":"https:\/\/www.mj-fans.at\/index.php?rest_route=\/wp\/v2\/users\/1"}],"replies":[{"embeddable":true,"href":"https:\/\/www.mj-fans.at\/index.php?rest_route=%2Fwp%2Fv2%2Fcomments&post=2752"}],"version-history":[{"count":10,"href":"https:\/\/www.mj-fans.at\/index.php?rest_route=\/wp\/v2\/pages\/2752\/revisions"}],"predecessor-version":[{"id":5002,"href":"https:\/\/www.mj-fans.at\/index.php?rest_route=\/wp\/v2\/pages\/2752\/revisions\/5002"}],"up":[{"embeddable":true,"href":"https:\/\/www.mj-fans.at\/index.php?rest_route=\/wp\/v2\/pages\/18"}],"wp:attachment":[{"href":"https:\/\/www.mj-fans.at\/index.php?rest_route=%2Fwp%2Fv2%2Fmedia&parent=2752"}],"curies":[{"name":"wp","href":"https:\/\/api.w.org\/{rel}","templated":true}]}}