{"id":4267,"date":"2015-09-01T19:18:48","date_gmt":"2015-09-01T18:18:48","guid":{"rendered":"http:\/\/www.mj-fans.at\/?page_id=4267"},"modified":"2016-11-13T10:21:10","modified_gmt":"2016-11-13T09:21:10","slug":"29-august-2015-mj-sunrise","status":"publish","type":"page","link":"https:\/\/www.mj-fans.at\/?page_id=4267","title":{"rendered":"MJ Sunrise 2015"},"content":{"rendered":"<p><strong>DATUM<\/strong><br \/>\nSamstag, 29. August 2015<\/p>\n<p>&nbsp;<\/p>\n<p><strong>LOCATION<\/strong><br \/>\nSaal der Pfarre Am Sch\u00fcttel, B\u00f6cklinstra\u00dfe 31, 1020 Wien, \u00d6sterreich<\/p>\n<p>&nbsp;<\/p>\n<p><strong>104 FOTOS &#8211; ZUM VERGR\u00d6SSERN ANKLICKEN!<\/strong><br \/>\nngg_shortcode_0_placeholder<\/p>\n","protected":false},"excerpt":{"rendered":"<p>DATUM Samstag, 29. August 2015 &nbsp; LOCATION Saal der Pfarre Am Sch\u00fcttel, B\u00f6cklinstra\u00dfe 31, 1020 Wien, \u00d6sterreich &nbsp; 104 FOTOS &#8211; ZUM VERGR\u00d6SSERN ANKLICKEN!<\/p>\n","protected":false},"author":1,"featured_media":0,"parent":18,"menu_order":0,"comment_status":"closed","ping_status":"closed","template":"","meta":{"ngg_post_thumbnail":0,"footnotes":""},"class_list":["post-4267","page","type-page","status-publish","hentry"],"_links":{"self":[{"href":"https:\/\/www.mj-fans.at\/index.php?rest_route=\/wp\/v2\/pages\/4267","targetHints":{"allow":["GET"]}}],"collection":[{"href":"https:\/\/www.mj-fans.at\/index.php?rest_route=\/wp\/v2\/pages"}],"about":[{"href":"https:\/\/www.mj-fans.at\/index.php?rest_route=\/wp\/v2\/types\/page"}],"author":[{"embeddable":true,"href":"https:\/\/www.mj-fans.at\/index.php?rest_route=\/wp\/v2\/users\/1"}],"replies":[{"embeddable":true,"href":"https:\/\/www.mj-fans.at\/index.php?rest_route=%2Fwp%2Fv2%2Fcomments&post=4267"}],"version-history":[{"count":10,"href":"https:\/\/www.mj-fans.at\/index.php?rest_route=\/wp\/v2\/pages\/4267\/revisions"}],"predecessor-version":[{"id":5010,"href":"https:\/\/www.mj-fans.at\/index.php?rest_route=\/wp\/v2\/pages\/4267\/revisions\/5010"}],"up":[{"embeddable":true,"href":"https:\/\/www.mj-fans.at\/index.php?rest_route=\/wp\/v2\/pages\/18"}],"wp:attachment":[{"href":"https:\/\/www.mj-fans.at\/index.php?rest_route=%2Fwp%2Fv2%2Fmedia&parent=4267"}],"curies":[{"name":"wp","href":"https:\/\/api.w.org\/{rel}","templated":true}]}}

<p><strong>DATUM</strong><br />
Samstag, 29. August 2015</p>
<p>&nbsp;</p>
<p><strong>LOCATION</strong><br />
Saal der Pfarre Am Schüttel, Böcklinstraße 31, 1020 Wien, Österreich</p>
<p>&nbsp;</p>
<p><strong>104 FOTOS &#8211; ZUM VERGRÖSSERN ANKLICKEN!</strong><br />
ngg_shortcode_0_placeholder</p>

<p>DATUM Samstag, 29. August 2015 &nbsp; LOCATION Saal der Pfarre Am Schüttel, Böcklinstraße 31, 1020 Wien, Österreich &nbsp; 104 FOTOS &#8211; ZUM VERGRÖSSERN ANKLICKEN!</p>
