{"id":6857,"date":"2019-12-31T22:19:58","date_gmt":"2019-12-31T21:19:58","guid":{"rendered":"http:\/\/www.mj-fans.at\/?page_id=6857"},"modified":"2019-12-31T22:22:08","modified_gmt":"2019-12-31T21:22:08","slug":"sachspenden-fuer-die-kinderpsychiatrische-station-des-krankenhaus-hietzing-3","status":"publish","type":"page","link":"https:\/\/www.mj-fans.at\/?page_id=6857","title":{"rendered":"Sachspenden f\u00fcr die Kinderpsychiatrische Station des Krankenhaus Hietzing"},"content":{"rendered":"\n<p><strong>DATUM DER SPENDEN-\u00dcBERGABE<\/strong><br>Dienstag, 31. Dezember 2019<\/p>\n\n\n\n<p><strong>BEG\u00dcNSTIGTE ORGANISATION<\/strong><br>Kinderpsychiatrische Station<br>Krankenhaus Hietzing mit Neurologischem Zentrum Rosenh\u00fcgel<br>Riedelgasse 5, Pavillon C, 1130 Wien, \u00d6sterreich<br><a href=\"http:\/\/www.wienkav.at\/kav\/khr\/medstellen_anzeigen.asp?ID=902\" target=\"_blank\" rel=\"noreferrer noopener\">www.wienkav.at<\/a><\/p>\n\n\n\n<p><strong>ZUWENDUNG<\/strong><br>Buntstifte, Wachsmalkreiden, Stra\u00dfenkreiden, Wasserfarben, Malvorlagen,&nbsp; Holzbausteine, Kinderb\u00fccher, Gesellschaftsspiele, Fu\u00dfballtore<\/p>\n\n\n\n<p><strong>HINTERGRUND-INFORMATIONEN<\/strong><br>Die Kinderpsychiatrische Station des Krankenhaus Hietzing bietet mit ihrem multiprofessionellen Team station\u00e4re Behandlungspl\u00e4tze und eine Ambulanz zur p\u00e4dagogischen, sozialtherapeutischen und \u00e4rztlichen Betreuung&nbsp;von&nbsp;Kindern im Alter von 2 bis 12 Jahren. Behandelt werden unter anderem posttraumatische Belastungsst\u00f6rungen, Entwicklungsverz\u00f6gerungen, Hyperaktivit\u00e4tsst\u00f6rungen, Bindungsst\u00f6rungen oder Enuresis. Durch die Unterst\u00fctzung des Fanclubs konnte das Freizeitangebot f\u00fcr die die kleinen Patienten w\u00e4hrend ihres Aufenthaltes erweitert werden.<\/p>\n\n\n\n<p>5<strong> FOTOS &#8211; ZUM VERGR\u00d6SSERN ANKLICKEN!<\/strong><br>ngg_shortcode_0_placeholder<\/p>\n","protected":false},"excerpt":{"rendered":"<p>DATUM DER SPENDEN-\u00dcBERGABEDienstag, 31. Dezember 2019 BEG\u00dcNSTIGTE ORGANISATIONKinderpsychiatrische StationKrankenhaus Hietzing mit Neurologischem Zentrum Rosenh\u00fcgelRiedelgasse 5, Pavillon C, 1130 Wien, \u00d6sterreichwww.wienkav.at ZUWENDUNGBuntstifte, Wachsmalkreiden, Stra\u00dfenkreiden, Wasserfarben, Malvorlagen,&nbsp; Holzbausteine, Kinderb\u00fccher, Gesellschaftsspiele, Fu\u00dfballtore HINTERGRUND-INFORMATIONENDie Kinderpsychiatrische Station des Krankenhaus Hietzing bietet mit ihrem multiprofessionellen Team station\u00e4re Behandlungspl\u00e4tze und eine Ambulanz zur p\u00e4dagogischen, sozialtherapeutischen und \u00e4rztlichen Betreuung&nbsp;von&nbsp;Kindern im Alter von 2 [&hellip;]<\/p>\n","protected":false},"author":1,"featured_media":0,"parent":96,"menu_order":0,"comment_status":"closed","ping_status":"closed","template":"","meta":{"ngg_post_thumbnail":0,"footnotes":""},"class_list":["post-6857","page","type-page","status-publish","hentry"],"_links":{"self":[{"href":"https:\/\/www.mj-fans.at\/index.php?rest_route=\/wp\/v2\/pages\/6857","targetHints":{"allow":["GET"]}}],"collection":[{"href":"https:\/\/www.mj-fans.at\/index.php?rest_route=\/wp\/v2\/pages"}],"about":[{"href":"https:\/\/www.mj-fans.at\/index.php?rest_route=\/wp\/v2\/types\/page"}],"author":[{"embeddable":true,"href":"https:\/\/www.mj-fans.at\/index.php?rest_route=\/wp\/v2\/users\/1"}],"replies":[{"embeddable":true,"href":"https:\/\/www.mj-fans.at\/index.php?rest_route=%2Fwp%2Fv2%2Fcomments&post=6857"}],"version-history":[{"count":1,"href":"https:\/\/www.mj-fans.at\/index.php?rest_route=\/wp\/v2\/pages\/6857\/revisions"}],"predecessor-version":[{"id":6858,"href":"https:\/\/www.mj-fans.at\/index.php?rest_route=\/wp\/v2\/pages\/6857\/revisions\/6858"}],"up":[{"embeddable":true,"href":"https:\/\/www.mj-fans.at\/index.php?rest_route=\/wp\/v2\/pages\/96"}],"wp:attachment":[{"href":"https:\/\/www.mj-fans.at\/index.php?rest_route=%2Fwp%2Fv2%2Fmedia&parent=6857"}],"curies":[{"name":"wp","href":"https:\/\/api.w.org\/{rel}","templated":true}]}}