{"id":6887,"date":"2020-11-15T21:40:08","date_gmt":"2020-11-15T20:40:08","guid":{"rendered":"http:\/\/www.mj-fans.at\/?page_id=6887"},"modified":"2020-11-15T21:40:42","modified_gmt":"2020-11-15T20:40:42","slug":"weihnachten-im-schuhkarton-3","status":"publish","type":"page","link":"https:\/\/www.mj-fans.at\/?page_id=6887","title":{"rendered":"Weihnachten im Schuhkarton"},"content":{"rendered":"\n<p><strong>DATUM DER SPENDEN-\u00dcBERGABE<\/strong><br>Sonntag, 15. November 2020<\/p>\n\n\n\n<p><strong>BEG\u00dcNSTIGTE ORGANISATION<\/strong><br>Projekt Weihnachten im Schuhkarton<br>Verein Samaritan&#8217;s Purse &#8211; Die barmherzigen Samariter<strong> <\/strong><br>Hans-Mauracher-Stra\u00dfe 7 , 8010 Graz, \u00d6sterreich<br><a href=\"https:\/\/www.die-samariter.org\/projekte\/weihnachten-im-schuhkarton\/\">https:\/\/www.die-samariter.org\/projekte\/weihnachten-im-schuhkarton\/<\/a><\/p>\n\n\n\n<p><strong>ZUWENDUNG<\/strong><br>Geldspende in der H\u00f6he von 350 Euro, sowie 51 Kartons mit Geschenken (Spielsachen, Kleidung, S\u00fc\u00dfigkeiten, Hygieneartikel, &#8230;)<\/p>\n\n\n\n<p><strong>HINTERGRUND-INFORMATIONEN<\/strong><\/p>\n\n\n\n<p class=\"has-text-align-left\">Das Projekt &#8222;Weihnachten im Schuhkarton&#8220; des Vereins &#8222;Samaritan&#8217;s Purse &#8211; Die barmherzigen Samariter&#8220; ist Teil der weltweit gr\u00f6\u00dften Geschenkaktion f\u00fcr Kinder in Not, &#8222;Operation Christmas Child&#8220;. Die Idee dahinter ist ganz einfach: Man nimmt einen alten Schuhkarton, beklebt ihn mit weihnachtlichem Geschenkspapier und f\u00fcllt ihn mit einer bunten Mischung aus Geschenken f\u00fcr ein M\u00e4dchen oder einen Jungen. Dabei wird zwischen den Altersruppen 2-4, 5-9 und 10-14 Jahren unterschieden. Die Kartons voller weihnachtlicher Magie werden dann an Kinder Regionen verteilt, in welchen Armut und niedrige Lebensstandards den Alltag bestimmen. Ziell\u00e4nder sind beispielsweise die Ukraine, Serbien, Georgien oder Rum\u00e4nien. Mit seiner Geldspende unterst\u00fctzte der Fanclub die organisatorische Umsetzung des Projektes und mit seinen Sachspenden schickte er eine kleine Freude an 51 Kinder, welche m\u00f6glicherweise noch nie in ihrem Leben ein Weihnachtsgeschenk bekommen haben.<\/p>\n\n\n\n<p><strong>18 FOTOS &#8211; ZUM VERGR\u00d6SSERN ANKLICKEN!<\/strong><br>ngg_shortcode_0_placeholder<\/p>\n","protected":false},"excerpt":{"rendered":"<p>DATUM DER SPENDEN-\u00dcBERGABESonntag, 15. November 2020 BEG\u00dcNSTIGTE ORGANISATIONProjekt Weihnachten im SchuhkartonVerein Samaritan&#8217;s Purse &#8211; Die barmherzigen Samariter Hans-Mauracher-Stra\u00dfe 7 , 8010 Graz, \u00d6sterreichhttps:\/\/www.die-samariter.org\/projekte\/weihnachten-im-schuhkarton\/ ZUWENDUNGGeldspende in der H\u00f6he von 350 Euro, sowie 51 Kartons mit Geschenken (Spielsachen, Kleidung, S\u00fc\u00dfigkeiten, Hygieneartikel, &#8230;) HINTERGRUND-INFORMATIONEN Das Projekt &#8222;Weihnachten im Schuhkarton&#8220; des Vereins &#8222;Samaritan&#8217;s Purse &#8211; Die barmherzigen Samariter&#8220; ist [&hellip;]<\/p>\n","protected":false},"author":1,"featured_media":0,"parent":96,"menu_order":0,"comment_status":"closed","ping_status":"closed","template":"","meta":{"ngg_post_thumbnail":0,"footnotes":""},"class_list":["post-6887","page","type-page","status-publish","hentry"],"_links":{"self":[{"href":"https:\/\/www.mj-fans.at\/index.php?rest_route=\/wp\/v2\/pages\/6887","targetHints":{"allow":["GET"]}}],"collection":[{"href":"https:\/\/www.mj-fans.at\/index.php?rest_route=\/wp\/v2\/pages"}],"about":[{"href":"https:\/\/www.mj-fans.at\/index.php?rest_route=\/wp\/v2\/types\/page"}],"author":[{"embeddable":true,"href":"https:\/\/www.mj-fans.at\/index.php?rest_route=\/wp\/v2\/users\/1"}],"replies":[{"embeddable":true,"href":"https:\/\/www.mj-fans.at\/index.php?rest_route=%2Fwp%2Fv2%2Fcomments&post=6887"}],"version-history":[{"count":1,"href":"https:\/\/www.mj-fans.at\/index.php?rest_route=\/wp\/v2\/pages\/6887\/revisions"}],"predecessor-version":[{"id":6900,"href":"https:\/\/www.mj-fans.at\/index.php?rest_route=\/wp\/v2\/pages\/6887\/revisions\/6900"}],"up":[{"embeddable":true,"href":"https:\/\/www.mj-fans.at\/index.php?rest_route=\/wp\/v2\/pages\/96"}],"wp:attachment":[{"href":"https:\/\/www.mj-fans.at\/index.php?rest_route=%2Fwp%2Fv2%2Fmedia&parent=6887"}],"curies":[{"name":"wp","href":"https:\/\/api.w.org\/{rel}","templated":true}]}}