{"id":6985,"date":"2023-10-02T08:14:10","date_gmt":"2023-10-02T07:14:10","guid":{"rendered":"https:\/\/www.mj-fans.at\/?page_id=6985"},"modified":"2023-10-02T10:55:27","modified_gmt":"2023-10-02T09:55:27","slug":"sachspenden-fuer-ukrainische-kriegsfluechtlinge","status":"publish","type":"page","link":"https:\/\/www.mj-fans.at\/?page_id=6985","title":{"rendered":"Sachspenden f\u00fcr ukrainische Kriegsfl\u00fcchtlinge"},"content":{"rendered":"\n<p><strong>DATUM DER SPENDEN-\u00dcBERGABE<\/strong><br>Sonntag, 24. Juli 2022<\/p>\n\n\n\n<p><strong>BEG\u00dcNSTIGTE ORGANISATION<\/strong><br>Verein Caring Hands<br>Langobardenstra\u00dfe 61, 1220 Wien, \u00d6sterreich<br><a rel=\"noreferrer noopener\" href=\"http:\/\/www.greenpeace.org\/austria\" target=\"_blank\">www.caringhands.at<\/a><br><\/p>\n\n\n\n<p><strong>ZUWENDUNG<\/strong><br>Hygieneartikel<\/p>\n\n\n\n<p><strong>HINTERGRUND-INFORMATIONEN<\/strong><br>Der Verein Caring Hands organisiert eigentlich Projekte zur Entwicklungshilfe in Afrika. Nach Ausbruch des Angriffskriegs gegen die Ukraine z\u00f6gerte das Team des Vereins jedoch nicht und begann seine Kontakte und Ressourcen zu n\u00fctzen, um Sachspenden f\u00fcr ukrainische Fl\u00fcchtlinge zu sammeln und nach Polen zu transportieren, wo viele Menschen Zuflucht suchten. Dort wurden sie direkt in Grenzn\u00e4he an ankommende Personen verteilt. Durch die Sachspenden des Fanclubs konnten einige Frauen, Kinder und \u00e4ltere Menschen mit Hygieneartikeln versorgt werden.<\/p>\n\n\n\n<p><strong>11 FOTOS &#8211; ZUM VERGR\u00d6SSERN ANKLICKEN!<\/strong><br>ngg_shortcode_0_placeholder<\/p>\n","protected":false},"excerpt":{"rendered":"<p>DATUM DER SPENDEN-\u00dcBERGABESonntag, 24. Juli 2022 BEG\u00dcNSTIGTE ORGANISATIONVerein Caring HandsLangobardenstra\u00dfe 61, 1220 Wien, \u00d6sterreichwww.caringhands.at ZUWENDUNGHygieneartikel HINTERGRUND-INFORMATIONENDer Verein Caring Hands organisiert eigentlich Projekte zur Entwicklungshilfe in Afrika. Nach Ausbruch des Angriffskriegs gegen die Ukraine z\u00f6gerte das Team des Vereins jedoch nicht und begann seine Kontakte und Ressourcen zu n\u00fctzen, um Sachspenden f\u00fcr ukrainische Fl\u00fcchtlinge zu sammeln [&hellip;]<\/p>\n","protected":false},"author":1,"featured_media":0,"parent":0,"menu_order":0,"comment_status":"closed","ping_status":"closed","template":"","meta":{"ngg_post_thumbnail":0,"footnotes":""},"class_list":["post-6985","page","type-page","status-publish","hentry"],"_links":{"self":[{"href":"https:\/\/www.mj-fans.at\/index.php?rest_route=\/wp\/v2\/pages\/6985","targetHints":{"allow":["GET"]}}],"collection":[{"href":"https:\/\/www.mj-fans.at\/index.php?rest_route=\/wp\/v2\/pages"}],"about":[{"href":"https:\/\/www.mj-fans.at\/index.php?rest_route=\/wp\/v2\/types\/page"}],"author":[{"embeddable":true,"href":"https:\/\/www.mj-fans.at\/index.php?rest_route=\/wp\/v2\/users\/1"}],"replies":[{"embeddable":true,"href":"https:\/\/www.mj-fans.at\/index.php?rest_route=%2Fwp%2Fv2%2Fcomments&post=6985"}],"version-history":[{"count":4,"href":"https:\/\/www.mj-fans.at\/index.php?rest_route=\/wp\/v2\/pages\/6985\/revisions"}],"predecessor-version":[{"id":7007,"href":"https:\/\/www.mj-fans.at\/index.php?rest_route=\/wp\/v2\/pages\/6985\/revisions\/7007"}],"wp:attachment":[{"href":"https:\/\/www.mj-fans.at\/index.php?rest_route=%2Fwp%2Fv2%2Fmedia&parent=6985"}],"curies":[{"name":"wp","href":"https:\/\/api.w.org\/{rel}","templated":true}]}}